-o**2 + 48*o - 170. Calculate u(44).
6
Let x(i) = -40*i**2 - i. What is x(1)?
-41
Let m(y) = y**3 + 9*y**2 + 12*y - 20. Determine m(-7).
-6
Let g(w) = -w**2 - 3*w + 3. Determine g(6).
-51
Let j(c) = -c**3 + 4*c**2 + 9*c - 7. Give j(6).
-25
Let l(s) = -4*s - 55. What is l(-17)?
13
Let n(u) = 3*u**2 + 5*u - 5. Determine n(2).
17
Let m(y) = -y**3 - 30*y**2 + 2*y + 72. Determine m(-30).
12
Let u(b) = -6*b**2 - 4*b + 4. Determine u(-2).
-12
Let u(f) = -f**3 + 19*f**2 + 19*f + 19. Calculate u(20).
-1
Let b(g) = -35*g + 27. What is b(1)?
-8
Let d(w) = 22*w + 109. What is d(-5)?
-1
Let q(g) = -g**3 + 11*g**2 - 12*g - 8. Determine q(11).
-140
Let c(o) = -2*o**2 + 1. Determine c(-4).
-31
Let w(x) = -24*x - 41. Determine w(-2).
7
Let i(l) = l**3 - 8*l**2 + 9*l - 1. Calculate i(6).
-19
Let p(k) = -4*k**2 - 3*k + 3. Give p(1).
-4
Let h(x) = x**2 + 14*x - 2. What is h(-14)?
-2
Let t(y) = 2*y**3 - 4*y**2 + 6*y - 4. Give t(2).
8
Let p(b) = b**2 + 9*b + 11. What is p(-8)?
3
Let l(r) = 40*r - 155. Determine l(4).
5
Let v(s) = -6*s - 6. Give v(12).
-78
Let r(u) = 15*u + 378. Calculate r(-27).
-27
Let r(b) = -b**2 - 7*b - 5. Calculate r(-3).
7
Let r(x) = x**3 - 6*x**2 - 12*x + 80. Give r(6).
8
Let g(y) = y**3 - 5*y**2 + 4*y + 5. Determine g(5).
25
Let k(l) = -6*l + 1. Give k(1).
-5
Let t(p) = 125*p**3 + p**2 - p. Calculate t(1).
125
Let d(w) = -w**2 - 9*w - 5. What is d(-5)?
15
Let g(k) = k + 21. Give g(-8).
13
Let b(o) = -o**2 + o + 9. Determine b(4).
-3
Let x(l) = l**3 + 2*l**2 - 6*l - 19. Give x(-4).
-27
Let p(x) = x**3 + 6*x**2 + 7*x + 12. Determine p(-5).
2
Let s(v) = v + 26. Give s(0).
26
Let v(j) = -4*j**2 - 3*j + 3. Determine v(-2).
-7
Let d(g) = g**2 - g + 105. What is d(0)?
105
Let f(q) = 2*q**2 + 5*q - 12. Give f(-6).
30
Let c(o) = -o**2 - 4*o + 4. Determine c(2).
-8
Let x(m) = -5*m**2 + 45*m + 9. Give x(9).
9
Let i(y) = y - 5. Determine i(-19).
-24
Let n(s) = s**2 + s + 4. Give n(0).
4
Let z(b) = -b - 4. Calculate z(25).
-29
Let y(u) = -2*u**2 - u + 16. Determine y(3).
-5
Let b(d) = -d**3 + 9*d**2 - 3*d + 9. What is b(8)?
49
Let d(i) = i**3 + i. What is d(-1)?
-2
Let b(o) = -9*o - 115. Calculate b(-13).
2
Let n(u) = -3*u - 3. What is n(5)?
-18
Let z(b) = -24*b + 19. Give z(1).
-5
Let m(y) = -y**3 - 10*y**2 - 10*y - 3. Determine m(-8).
-51
Let u(z) = -2*z**2 - 16*z. Calculate u(-8).
0
Let h(o) = 96*o - 214. What is h(2)?
-22
Let r(c) = -c**3 - 16*c**2 - 31*c - 44. Give r(-14).
-2
Let j(k) = -k**2 - 2*k - 1. What is j(-4)?
-9
Let s(q) = -q**3 - 18*q**2 - 33*q - 19. Give s(-16).
-3
Let q(g) = g**3 - 10*g**2 + 11*g + 11. Give q(9).
29
Let g(k) = k**3 + 5*k - 3. Determine g(-3).
-45
Let l(o) = o**3 + 5*o**2 - 13*o - 8. What is l(-7)?
-15
Let w(v) = -9*v - 2. Calculate w(5).
-47
Let m(f) = -f**2 - 11*f - 13. Give m(-7).
15
Let y(k) = k + 5. Give y(-8).
-3
Let i(h) = h**2 - 11*h - 24. Give i(13).
2
Let z(m) = -m - 2. Determine z(8).
-10
Let h(t) = -t**3 + 12*t**2 + 13*t + 5. Give h(13).
5
Let p(i) = -i - 1. Give p(-7).
6
Let h(x) = x**3 - 5*x**2 + 2*x + 8. Give h(0).
8
Let g(l) = -l**3 - 6*l**2 - 8. Calculate g(-6).
-8
Let r(z) = 3*z**3 + z**2 - z + 2. Determine r(-2).
-16
Let v(p) = -p**3 - p**2 + p + 3. Calculate v(-2).
5
Let v(g) = -9*g - 11. Give v(7).
-74
Let k(r) = 4*r + 21. Determine k(-6).
-3
Let o(r) = -20*r**3 - 2*r - 1. Determine o(-1).
21
Let x(s) = s**2 - 8*s - 18. What is x(0)?
-18
Let r(d) = d**3 - 12*d**2 + 36*d - 7. Determine r(7).
0
Let w(a) = -2*a**2 + 8*a - 8. Determine w(4).
-8
Let b(r) = -r**2 - 13*r + 4. Give b(-14).
-10
Let c(u) = -2*u**2 + 2*u + 6. What is c(7)?
-78
Let y(q) = 45*q**3 + q - 1. What is y(1)?
45
Let f(b) = -b**3 + 7*b**2 + 2*b + 1. Give f(7).
15
Let q(l) = -12*l**2 - l + 5. Calculate q(3).
-106
Let j(b) = -6*b - 41. What is j(-10)?
19
Let j(p) = 28*p - 3. Determine j(2).
53
Let i(n) = -n**3 + 5*n**2 + 2*n + 5. Give i(3).
29
Let d(w) = w**2 + 15*w + 19. Calculate d(-16).
35
Let z(w) = w**2 - 3*w + 32. Determine z(0).
32
Let x(v) = 9*v - 1. Determine x(2).
17
Let y(g) = -g**3 - g**2 - 2*g + 4. Calculate y(-3).
28
Let s(u) = -u**2 + 41*u - 316. What is s(30)?
14
Let g(a) = 5*a**2 - 3*a - 2. Give g(-1).
6
Let k(s) = 26*s - 132. Give k(5).
-2
Let q(t) = -t**2 + 6*t + 20. Calculate q(8).
4
Let d(w) = 3*w**2 - 9*w - 6. What is d(5)?
24
Let y(t) = -87*t - 432. Determine y(-5).
3
Let b(h) = h**2 - h - 2. What is b(2)?
0
Let r(t) = -143*t + 6. Calculate r(0).
6
Let g(k) = k + 16. Calculate g(-11).
5
Let y(v) = v**2 + 33*v + 6. What is y(-33)?
6
Let m(n) = -4*n + 20. Calculate m(-6).
44
Let s(n) = -n**2 - 2*n + 8. Determine s(0).
8
Let x(h) = h**3 + 6*h**2 - 23*h - 36. Determine x(-8).
20
Let c(n) = -3*n + 11. Determine c(5).
-4
Let x(p) = 13*p - 5. What is x(4)?
47
Let y(o) = 3*o - 22. What is y(11)?
11
Let w(l) = -22*l + 2. Determine w(-1).
24
Let v(m) = -m - 1. Calculate v(3).
-4
Let b(l) = -2*l**3 - 16*l**2 - 8*l - 4. Calculate b(-6).
-100
Let u(x) = -8*x + 2. What is u(-2)?
18
Let g(j) = 2*j**3 - 14*j**2 - 10*j - 49. What is g(8)?
-1
Let r(b) = 24*b + 201. Give r(-8).
9
Let w(u) = u**3 + 23*u**2 - 3*u - 64. Give w(-23).
5
Let v(l) = 6*l**3 + l**2 + 6*l - 4. Determine v(2).
60
Let i(u) = -u**2 + 19*u + 6. Calculate i(20).
-14
Let a(x) = 5*x + 38. What is a(-6)?
8
Let w(y) = -y**3 + 8*y**2 + y - 11. Calculate w(8).
-3
Let w(r) = -31*r - 161. What is w(-5)?
-6
Let l(n) = -n**2 + 9*n + 1. Determine l(8).
9
Let s(i) = -3*i**2 - 32*i - 6. Give s(-10).
14
Let j(q) = q**3 + 39*q**2 + 108*q + 7. Give j(-36).
7
Let b(z) = -z**2 - z + 59. Give b(0).
59
Let o(a) = -a**2 - a + 8. Determine o(5).
-22
Let d(v) = -v**3 - 10*v**2 - 8*v + 6. Determine d(-9).
-3
Let c(l) = -l**2 - 21*l - 67. Give c(-9).
41
Let c(t) = 31*t - 1. What is c(1)?
30
Let y(p) = p**2 - 17*p - 64. Determine y(20).
-4
Let x(u) = 10*u + 42. Determine x(-5).
-8
Let v(k) = k - 23. Give v(0).
-23
Let b(m) = 3*m**2 + 39*m - 46. What is b(-14)?
-4
Let i(d) = 9*d + 14. Give i(-2).
-4
Let j(y) = y**3 - 21*y**2 + 112*y - 22. What is j(9)?
14
Let p(m) = -m - 1. Calculate p(2).
-3
Let r(x) = -x**2 + 9*x - 13. Determine r(6).
5
Let s(y) = y**3 - 9*y**2 + 8*y + 3. Give s(8).
3
Let g(a) = 5*a - 79. What is g(15)?
-4
Let u(f) = f**3 - 11*f**2 - f - 2. Determine u(11).
-13
Let g(s) = s**3 - s**2 - 5*s + 1. Determine g(4).
29
Let p(d) = 7*d - 4. What is p(-1)?
-11
Let s(c) = -8*c - 26. What is s(-3)?
-2
Let q(v) = 48*v + 420. What is q(-9)?
-12
Let h(v) = v**3 + 33*v**2 - 30*v + 123. Determine h(-34).
-13
Let r(q) = q**3 - 8*q**2 + q - 5. What is r(8)?
3
Let x(o) = -o**3 + 3*o**2 - 4. Calculate x(4).
-20
Let b(k) = -k**3 + 4*k**2 - k - 10. Determine b(3).
-4
Let g(t) = 6*t - 17. What is g(4)?
7
Let d(o) = o**3 + 10*o**2 + 17*o - 13. Calculate d(-8).
-21
Let g(m) = -m**3 - 22*m**2 - 56*m + 24. Calculate g(-19).
5
Let u(a) = -7*a + 20. Determine u(5).
-15
Let z(y) = 6*y + 58. Calculate z(-8).
10
Let s(f) = -2*f**2 - 19*f - 40. Determine s(-5).
5
Let w(l) = l**3 + 23*l**2 + 43*l + 13. What is w(-21)?
-8
Let h(k) = k**3 - 6*k**2 + k + 18. Give h(4).
-10
Let l(c) = c**3 - c**2 + 42. Calculate l(0).
42
Let o(w) = -w**2 + 8*w + 4. Give o(6).
16
Let p(x) = 3*x**2 + 15*x - 26. Give p(-7).
16
Let d(t) = 24*t**2 + 6*t - 7. What is d(2)?
101
Let z(b) = -b**3 + 21*b**2 + 19*b - 4. Determine z(22).
-70
Let c(a) = 6*a + 38. Determine c(-7).
-4
Let a(o) = o**2 + 2. Give a(0).
2
Let g(d) = -d**3 - 13*d**2 + 3*d + 32. Calculate g(-13).
-7
Let m(o) = 4*o**2 - 3*o + 5. Calculate m(0).
5
Let d(g) = g + 9. Calculate d(-11).
-2
Let d(c) = -c**3 + 3*c**2 - 5*c + 29. Give d(5).
-46
Let l(v) = v**2 - 10*v - 112. What is l(-7)?
7
Let j(f) = -3*f + 6. What is j(-1)?
9
Let v(c) = c**3 - 2*c + 28. Give v(0).
28
Let u(r) = -11*r + 208. What is u(20)?
-12
Let r(y) = y**3 - y + 9. Give r(0).
9
Let y(v) = v**3 + 6*v**2 - 22. What is y(-5)?
3
Let h(l) = l**3 - 2*l**2 - 6*l - 7. Give h(6).
101
Let a(u) = 5*u**2 + 4*u + 4. What is a(-2)?
16
Let k(r) = -r + 4. Determine k(-6).
10
Let d(p) = -2*p - 34. Calculate d(-10).
-14
Let x(i) = 14*i + 108. What is x(-8)?
-4
Let h(b) = b - 5. Calculate h(9).
4
Let h(m) = -3*m + 19. Calculate h(0).
19
Let o(k) = -k**3 - 3*k**2 + 7*k + 4. What is o(-5)?
19
Let c(g) = g**2 - 2*g + 2. Give c(0).
2
Let j(f) = -f**3 + 5*f**2 + 2*f - 17. What is j(5)?
-7
Let v(j) = j**2 - 21*j - 2. What 